is 5 + 12034542?
12034550
In base 15, what is -3be - -338b?
2ebc
In base 14, what is 3c247a6 - 2?
3c247a4
In base 4, what is 12000131 - 221303?
11112222
In base 13, what is 1611 + 263?
1874
In base 13, what is -15771b + 311?
-15740a
In base 7, what is 0 + -3333012550?
-3333012550
In base 5, what is 2024 - -140341043?
140343122
In base 10, what is 400658 - -7?
400665
In base 7, what is 165411432 - -4?
165411436
In base 14, what is -1563 + -2d03?
-4466
In base 3, what is -2010110 - -1011010211?
1002000101
In base 6, what is -40 - -435250453?
435250413
In base 12, what is 271 - -ba69?
1011a
In base 8, what is -3315 + 15610?
12273
In base 15, what is -41d8c + -3d9?
-42276
In base 10, what is -68102068 + 6?
-68102062
In base 11, what is 5 + -1003347?
-1003342
In base 16, what is 1ead46 + 15?
1ead5b
In base 4, what is -3211 + 212221002?
212211131
In base 12, what is -3227 - 3554?
-677b
In base 11, what is -106a40aa + 0?
-106a40aa
In base 2, what is 10010000110010101011010011 - 11?
10010000110010101011010000
In base 3, what is -1020022 + 120201?
-122121
In base 5, what is -1 - -24004234042?
24004234041
In base 13, what is -21 - 250424?
-250445
In base 13, what is -2c5c4 + -a1?
-2c695
In base 6, what is -313511204 + 23?
-313511141
In base 11, what is 32 + -512952?
-512920
In base 2, what is -100000 - 111000011101111001001?
-111000011101111101001
In base 13, what is -2773bb + -20c?
-2775ca
In base 8, what is -132574 - 10770?
-143564
In base 13, what is -2 - -85b404?
85b402
In base 15, what is -140cc + -992?
-14a6e
In base 12, what is -1 - 77a343?
-77a344
In base 6, what is 20030 - 53414?
-33344
In base 13, what is 18 + 633b10?
633b28
In base 10, what is 45 - -2920771?
2920816
In base 14, what is 28b941a - 5?
28b9415
In base 3, what is -1121022211201000 + 11?
-1121022211200212
In base 13, what is -6c47a8 + -74?
-6c484c
In base 12, what is -2841680 + 5?
-2841677
In base 13, what is 10 - 5b2430?
-5b2420
In base 6, what is 5 + -3431342454?
-3431342445
In base 2, what is 10111 - -10100100010010?
10100100101001
In base 2, what is 10000111 + -10001010001100101100?
-10001010001010100101
In base 5, what is -2233341 + -224331?
-3013222
In base 9, what is 5 - -87655087?
87655103
In base 12, what is -198789 + 8?
-198781
In base 7, what is 22101305 - 5?
22101300
In base 7, what is 2 + -2143311320?
-2143311315
In base 14, what is -7 + -3b37c4?
-3b37cb
In base 2, what is 100 - 1101110110101001100111110?
-1101110110101001100111010
In base 3, what is 122101011110202 + -202?
122101011110000
In base 14, what is -41c2bd + 18?
-41c2a5
In base 10, what is -23 - 11421046?
-11421069
In base 14, what is -22 + -10c5d6?
-10c618
In base 3, what is 11021221200221 - 20?
11021221200201
In base 11, what is 24047a7 - 279?
2404529
In base 12, what is 5737a + -10?
5736a
In base 15, what is -1 + -2b950d?
-2b950e
In base 12, what is 57aa54 - -b?
57aa63
In base 7, what is 5 - -15604415?
15604423
In base 15, what is 3ba8 - -2b5?
3e6d
In base 4, what is -133213102213013 - 10?
-133213102213023
In base 14, what is 2b1ba - 37?
2b183
In base 12, what is -9088a3 - -26?
-908879
In base 5, what is -12221112 - 3000?
-12224112
In base 2, what is 10000100101110010011001 + -100?
10000100101110010010101
In base 16, what is -123316 - 6?
-12331c
In base 6, what is 30551453 - 40?
30551413
In base 9, what is 1 - 17504383?
-17504382
In base 13, what is -5 + 2c510b26?
2c510b21
In base 16, what is 1 + 6ee1f?
6ee20
In base 9, what is -5 + -40105262?
-40105267
In base 10, what is 42917 + -107?
42810
In base 13, what is 1c87 + -1213c?
-10185
In base 15, what is -46 - 77ea?
-7841
In base 10, what is -1 + 6283808?
6283807
In base 8, what is 7376631340 + -1?
7376631337
In base 9, what is 4 + 13636685?
13636700
In base 10, what is 2465 + 7021?
9486
In base 11, what is 10026815 + 2?
10026817
In base 11, what is -3 + -96037636?
-96037639
In base 7, what is -1466 - -20620?
16121
In base 13, what is -aba0 + 27?
-ab76
In base 9, what is -366 - 657406?
-657773
In base 9, what is 34543064 - -7?
34543072
In base 7, what is -24213 - 125234?
-152450
In base 4, what is 2 - -1223002131211?
1223002131213
In base 15, what is -31 - -c2213?
c21d2
In base 6, what is -5134 + 5003550?
4554412
In base 11, what is -2874425 - 34?
-2874459
In base 13, what is 90aac - -193?
90c72
In base 8, what is -3520340 + -27?
-3520367
In base 4, what is -21 - 1212323020?
-1212323101
In base 2, what is -1001101 - -11101010010011000?
11101010001001011
In base 14, what is 6c1 - 15d?
562
In base 4, what is 120213001230 - -1330?
120213003220
In base 7, what is -166055252 + 3?
-166055246
In base 11, what is -179218a0 + 7?
-17921894
In base 12, what is 5 + -52654175?
-52654170
In base 2, what is -10010011 + 110010111010000111110?
110010111001110101011
In base 11, what is 2 + 5a9722?
5a9724
In base 14, what is 16 - 342a0?
-34288
In base 6, what is 50541001001 + 1?
50541001002
In base 11, what is 4251 + 38545?
41796
In base 8, what is 3 - 17253614?
-17253611
In base 3, what is 122020 - -1112211122?
1120110212
In base 12, what is -2537 - 664?
-2b9b
In base 5, what is 4211244424 + 4?
4211244433
In base 11, what is -12204013 - -12?
-12204001
In base 3, what is -21 + 11202212221212222?
11202212221212201
In base 4, what is -1223 - 22310122123?
-22310130012
In base 7, what is -12350 - 3361?
-16041
In base 11, what is -2 - 39a961?
-39a963
In base 14, what is 4 - 21203cc?
-21203c8
In base 6, what is -111130 + 440103?
324533
In base 16, what is -269 - 9fd?
-c66
In base 3, what is -101 + -20222122102111101?
-20222122102111202
In base 5, what is 4114 - -103241?
112410
In base 3, what is 1220022201 - -111120?
1220211021
In base 3, what is 11000 - 11200010001?
-11122222001
In base 12, what is -13 - 16027?
-1603a
In base 16, what is 516 - 63dd?
-5ec7
In base 4, what is -3 + -33030201210?
-33030201213
In base 4, what is -2101331012332 + 3?
-2101331012323
In base 12, what is 1 - 15055129?
-15055128
In base 10, what is -9742667 - -2?
-9742665
In base 2, what is -1101001011011010001111111001 + -11?
-1101001011011010001111111100
In base 16, what is f + e721c4?
e721d3
In base 14, what is 2 - 12d9cc47?
-12d9cc45
In base 14, what is -25 + 1a9b14?
1a9acd
In base 4, what is 30023202032221 + 2?
30023202032223
In base 3, what is 2021 + 1100102101?
1100111122
In base 10, what is 4001921 + 36?
4001957
In base 2, what is -10001000010000011100 - -1100?
-10001000010000010000
In base 5, what is 22343310 + 3322?
22402132
In base 3, what is -1 + 21011211020211202?
21011211020211201
In base 9, what is -5 + 4535718?
4535713
In base 15, what is -b + -3a55c?
-3a568
In base 14, what is 6 + -20971b?
-209715
In base 4, what is -1 - 1033022023?
-1033022030
In base 9, what is 8060888 + -6?
8060882
In base 12, what is 53a - -3751?
408b
In base 11, what is -449163 + 14?
-44914a
In base 10, what is -772936 + 21?
-772915
In base 3, what is -21021022112122001 - 0?
-21021022112122001
In base 9, what is -15582 + 567?
-15014
In base 14, what is -1274 + 4115?
2c81
In base 11, what is 3a749803 + 5?
3a749808
In base 6, what is -4121023 - 1410?
-4122433
In base 6, what is -23551525 + -2530?
-23554455
In base 7, what is 21513615 + 2?
21513620
In base 14, what is -1097 + -1917?
-29b0
In base 10, what is 16362389 - -1?
16362390
In base 11, what is -31636 - 2004?
-3363a
In base 12, what is -203b4271 - -9?
-203b4264
In base 2, what is -10011001101011 - -101101100?
-10010011111111
In base 6, what is -34215054113 - -5?
-34215054104
In base 5, what is -243120 + 3201?
-234414
In base 16, what is -3935ec + -1c?
-393608
In base 16, what is -4 - -3d5c65?
3d5c61
In base 14, what is -1c29a + 364?
-1bd36
In base 15, what is -182200 + 155?
-18209a
In base 14, what is 0 + -72931d?
-72931d
In base 10, what is 33 + -264159?
-264126
In base 6, what is 2 - 52202325?
-52202323
In base 6, what is -53521450 + 51?
-53521355
In base 8, what is -324546663 + -4?
-324546667
In base 15, what is -a36 + 3911?
2dca
In base 2, what is 11001000101001 - 101000100100?
10100000000101
In base 7, what is -2245300635 - 0?
-2245300635
In base 6, what is -3 - 1424041?
-1424044
In base 15, what is 1ecb83b + -10?
1ecb82b
In base 10, what is -3165727 - 16?
-3165743
In base 11, what is 48280 + 804?
48a84
In base 7, what is 114246222 - 216?
114246003
In bas